Let g(l) = -25*n(l) - 6*v(l). Give g(4).
-46
Let j = 1122 + -1120. Let p(q) be the second derivative of q**5/10 - q**4/6 + q**3/2 - 3*q**2/2 - 4*q. Determine p(j).
11
Let c(s) = s**2 - 3*s - 5. Let x be c(5). Let g(d) = 12 - 8*d + 8*d + x + d. Determine g(-12).
5
Let d(l) be the first derivative of 11 - 5/3*l**3 + 3/4*l**4 - 1/20*l**5 + 9/2*l**2 + 14*l. Let k(u) be the first derivative of d(u). Determine k(8).
-7
Let b be (-2961)/567 - (-5 + 86/18). Let w(p) = p**3 + 6*p**2 + 2*p - 8. Let v(l) = -2*l**3 - 12*l**2 - 3*l + 17. Let d(u) = -4*v(u) - 9*w(u). Give d(b).
9
Let o(j) = -6*j - 5. Let f(d) = 3*d**2 - 5*d - 12. Let g be f(5). Let h be 2/(-20)*g + (-12)/60. What is o(h)?
19
Suppose -13*d - 810 = -22*d. Let y(a) = -76 + a - 2*a + d. Determine y(0).
14
Let q = -5672 - -5650. Let s(t) = 9*t + 204. Give s(q).
6
Let y(n) = 3*n - 3. Let f = -172 + 179. Suppose 0 = f*t - 61 + 12. What is y(t)?
18
Suppose 24 = -2*n + 48. Let y be ((-32)/n)/((10/3)/5). Let r(w) = -w**2 + 4*w + 1. Give r(y).
-31
Let c(k) = 5*k**2 - k - 1. Let f(v) = -51*v**2 + 35*v + 85. Let x(g) = -10*c(g) - f(g). Give x(27).
-21
Let z be (-16)/88 - ((-420)/(-33))/(-4). Let h(q) = -2*q**2 + 25 - 44 + z*q**2 - 11. Calculate h(0).
-30
Suppose -4*l + 2*l + 2 = 0. Suppose 2*x = -3*n + l, 3*x + 0 = -2*n - 1. Let z(d) be the second derivative of -3*d**5/10 - d**3/6 + 63*d. Determine z(n).
-7
Let m(c) be the second derivative of -c**3/6 + 3*c**2/2 - c. Suppose 0 = -4*v - w + 42, -7*w - 2 = -8*w. Give m(v).
-7
Let s(r) = 31*r - 193. Let f be ((-288)/(-168))/((-14)/(-49)). Calculate s(f).
-7
Let q(f) = -1 + f - 1 - 1 + 2*f - 2. Let k(a) = a**2 - 4*a + 4. Let g be k(4). Calculate q(g).
7
Let n(x) = -x**3 - 10*x**2 - 12*x - 13. Let u = -2622 + 2613. Give n(u).
14
Let k(i) = -2*i + 51. Suppose 0 = 11*x + 2913 - 3188. Calculate k(x).
1
Let u(g) = -g**2 + 7*g - 9. Let a = -160 - -161. Let n be (a/14*-8)/(8/(-84)). Give u(n).
-3
Suppose -4*l - l = 0. Suppose -o + 13 = 3*s - l*s, -3 = -o - s. Let i be (o/(-4))/((-47)/12 + 4). Let m(h) = -h**2 + 5*h + 1. What is m(i)?
-5
Let q be (18 - 17)/((1/4)/(-22 - -21)). Let u(j) = 5*j**3 + 3*j**2 - 2*j + 4. Let h(n) = 11*n**3 + 6*n**2 - 4*n + 9. Let t(f) = 4*h(f) - 9*u(f). Determine t(q).
8
Let i(q) be the third derivative of -q**4/12 + 7*q**3/6 - 3*q**2. Suppose 0 = 4*v + 5*k + 24, 5*v - 2*k + 12 = 3*v. What is i(v)?
19
Suppose -5*f - 4*k - 8 = 0, 2*f = -3*f + k - 23. Let h be (-3)/((-38)/8 - f). Let l(s) = -s**3 + 2*s**2 + 6*s - 4. Calculate l(h).
-12
Let y(o) be the first derivative of 4 + 2 - 231*o**2 - 4*o + 232*o**2. Suppose 24*c = 30*c - 18. Calculate y(c).
2
Let l = 937 - 944. Let z(d) = -d**2 - 15*d - 58. Give z(l).
-2
Let t(w) = -5*w**2 - 20*w - 9. Let d(q) = 5*q**2 + 3*q + 21 - 16*q - 27 - 8*q**2. Let f(u) = -8*d(u) + 5*t(u). Calculate f(6).
-9
Let u be ((-45)/9)/((-3)/27). Let c = -37 + u. Let g(q) = -c*q + 12*q - 5*q. What is g(4)?
-4
Suppose 0 = -4*u + 12. Let h(v) = 8773*v + v**3 - 1 + u - 8768*v + 5*v**2. Let j(y) = 3*y**3 + y**2 + 2*y + 1. Let a be j(-1). Give h(a).
5
Suppose -6*a + 715 - 721 = 0. Let x(h) = 20*h + 22. Let p be x(a). Let z(c) = 10*c + 1. Calculate z(p).
21
Let z(q) = q**2 + 4*q + 5. Suppose 2869 = 25*t + 11794. Let c = 350 + t. Calculate z(c).
26
Let x(g) = -11*g**3 + 49*g**2 + 11*g + 16. Let l(k) = 20*k**3 - 89*k**2 - 21*k - 30. Let s(a) = -6*l(a) - 11*x(a). Give s(5).
29
Let a(h) = -h**2 + 7*h + 13. Let m be 10/4*192/60. Let y be a(m). Let w(r) = 8*r + 5 - y + 11 - 2*r**2 + r**2. What is w(9)?
2
Suppose -122 - 343 = -54*t - 33. Let h(g) = g**3 - 7*g**2 - 12*g - 1. Give h(t).
-33
Let l(w) = -2*w**3 + 6*w**2 + 9*w - 2. Let x = -784 + 492. Let o = x + 296. Give l(o).
2
Let c = 6364 - 6361. Let d(n) be the third derivative of 0*n + 0 - 40*n**2 - 1/4*n**4 - 7/6*n**c + 1/60*n**5. Calculate d(6).
-7
Let k = -2/12491 + 12539/299784. Let g(c) be the third derivative of k*c**4 + 10*c**2 + 0*c + 1/15*c**5 - 1/120*c**6 + 2/3*c**3 + 0. Determine g(4).
8
Let f(g) be the third derivative of -g**5/30 + g**4/12 + 1371*g**2. Calculate f(2).
-4
Let z(l) be the third derivative of -l**4/24 + 71*l**2. Suppose -199*u + 194*u = -20. What is z(u)?
-4
Let r(q) = 36*q + 22. Let n be r(-17). Let g be (-4)/(-10) + n/(-25). Let t(d) = -14*d**2 + 45*d**2 + d**3 - 8*d - g*d**2 - 6. Calculate t(-8).
-6
Let p(v) be the second derivative of -v**4/12 - v**3/2 + 3*v**2/2 + v. Let s = 927 - 930. Calculate p(s).
3
Let n be (21 + 0 + -3)/((-1)/(-2)). Let x be 67/11 + n/(-396). Let u(t) = -t**3 + 7*t**2 - 8*t + 5. Calculate u(x).
-7
Suppose -28*q - 142 = -282. Let r(c) = c - 20. What is r(q)?
-15
Let j(g) = g**3 - g**2 + g - 17. Suppose -56*x - 920 = -60*x. Let d = x - 230. Give j(d).
-17
Let o(m) = 74*m + 998. Let g be o(-13). Let t(q) be the second derivative of 1/2*q**2 + 0*q**4 + 0 + g*q - 1/20*q**5 + 1/3*q**3. Give t(2).
-3
Let q be ((-6)/(-8))/(1/4). Suppose 3*u + 2 - 1 = 2*v, 0 = q*u - 5*v - 11. Let h(f) be the first derivative of -f**3/3 - 7*f**2/2 - 2*f - 98478. Determine h(u).
10
Let k(v) = 7*v**2 + 3*v + 1. Let h(m) = 3*m**2 + m. Let g(a) = 5*h(a) - 2*k(a). Let p(j) = j**3 + 2*j**2 - 3*j - 10. Let o(q) = 3*g(q) - p(q). Determine o(0).
4
Let g(a) = -a. Let m(l) = -13*l - 99. Let d be m(-8). Let h(p) = p**2 - p - 16. Let q be h(d). Determine g(q).
-4
Let n(o) = 325 + 19*o**2 - 17*o**3 - 35*o**3 - 8 + 51*o**3 + 4*o. What is n(20)?
-3
Let x = -370 - -347. Let d(i) = 9*i + 198. What is d(x)?
-9
Let z be (7/(-4))/((-2)/(-8)). Let n be 2/17 + (-64)/(-34). Let o(i) = -4*i**2 - 52*i + 44*i + 4*i**n - i**2 + 5. Determine o(z).
12
Let c(j) be the third derivative of -j**6/120 - 7*j**5/30 - 7*j**4/12 - j**3 + 92*j**2 - 2*j. Let d(q) = q**2 - 9*q + 7. Let f be d(5). Determine c(f).
7
Let o(j) = j**2. Suppose 5*x = -15 + 5. Let f be (0 + 0)*(1 - 2 - x). Give o(f).
0
Let i(k) = -2*k**3 + 3*k**2 - k + 2. Let c = -5 - -8. Suppose 0 = 15*w - 17*w. Suppose c*q - 6 = -w*q. What is i(q)?
-4
Suppose 15*d - 439 + 484 = 0. Let f(s) = -3 + s**2 + s + 6*s - 5*s. Determine f(d).
0
Let s(c) = -2 - 9 - 11 + 2*c + 20. Let z be (-3 - (-9)/2)/(3/4). What is s(z)?
2
Let q(t) be the first derivative of -t**4/4 - 7*t**3/3 + 19*t**2/2 + 15*t + 454. Give q(-9).
6
Let w(a) be the third derivative of 0 + 2/3*a**3 - 3*a**2 - 1/6*a**4 + a. Give w(3).
-8
Let x(a) = 2*a**3 + 15*a**2 + 3*a - 22. Let v(j) = -j**3 - 8*j**2 - j + 11. Suppose 20 = -36*y + 32*y. Let h(d) = y*v(d) - 2*x(d). What is h(-10)?
-1
Let r(x) = 2*x**2 - 8*x - 3. Let b(c) = 2 + 115*c**2 - 117*c**2 + 2*c + 6*c + 0. Let s(u) = 2*b(u) + 3*r(u). Calculate s(7).
37
Let t(z) = -5*z**3 + 2*z**2 + z. Let s(l) = -12 + 16 - l + 11 + 7. Let a be s(18). Let n be 4 - a - (2 + -1). Give t(n).
6
Suppose -281 + 275 = -3*u. Let h(q) = 3*q + 6*q - 2*q**3 - 10*q - 3*q**u. Let m be (0 - 2)*(1 + 0). Calculate h(m).
6
Suppose 23*w - 27 = -4. Let y be (2 - 2) + (-5 - w). Let s(f) = f**2 + 6*f - 8. Calculate s(y).
-8
Suppose 93*q - 85*q - 16 = 0. Let m(f) = 5*f + 40. Let t(w) = w + 7. Let o(i) = q*m(i) - 11*t(i). What is o(-7)?
10
Let q = 42 - 38. Let c(y) = q - 1920*y + 1921*y + 12. Give c(-19).
-3
Let q(m) = -2*m**2 - 88*m - 255. Let g be q(-41). Let i(j) = j**2 + 10*j + 11. Give i(g).
2
Suppose -3*r + 12 = z, -5*z - 3*r + 96 = -6*r. Suppose -134 = 29*o - z. Let d(p) = p - 1 - 1 - 3. Calculate d(o).
-9
Let g(f) = f**2 - 4*f + 1. Let b(w) = w - 13. Suppose 3*r - 6*r + 2*p + 56 = 0, 5*r = 5*p + 90. Let q = -3 + r. Let v be b(q). Give g(v).
1
Let f(k) = -k**2 - 4*k + 7. Let i be f(-5). Let t(h) = -i*h + h**3 - 2*h**2 + 3*h - 5*h + 3. Let m = -1528 + 1531. Give t(m).
0
Let g(d) be the third derivative of -d**6/60 + 2*d**5/5 + d**4/12 - 29*d**3/6 - 3*d**2 + 647. Give g(12).
-5
Let u = -43 - -42. Let p = 6 + u. Let w(t) = -2*t**3 + 2 + p*t**3 - 3*t**2 - 4*t**3 + 0. Give w(-2).
-2
Let b(o) = -7*o - 95. Suppose 154*p = 133*p - 294. What is b(p)?
3
Let z be (-6)/(12/(-34)) - -1. Suppose 0 = -4*t + 5*p - 38 - 9, -3*t - 2*p = z. Let b(n) = n**3 + 9*n**2 + 6*n - 6. Give b(t).
10
Let l(z) = -55*z**2 - 19*z + 214. Let k(p) = -17*p**2 - 6*p + 73. Let o(t) = 13*k(t) - 4*l(t). Give o(-11).
-6
Let f(b) = -2*b**2 - 2*b**3 - 4 + 1 + 0*b**2 - 492*b + 497*b + b**3. Let u(x) = 3*x - 1. Let p be u(-1). Give f(p).
9
Suppose 111 = -4*u + 5*m, 2*u + 2*u + 108 = 4*m. Le